8*j + 63. What is the tens digit of c(i)?
3
Let b(o) = 209*o**2 - 7*o + 27. Let p(v) = -3*v**2 - v - 1. Let j(l) = b(l) - p(l). What is the units digit of j(3)?
8
Let s = -367 - -33317. What is the units digit of s?
0
Let a = -57 - -60. Suppose -2*y + 1575 = -a*h, -5*y - 15*h + 3927 = -12*h. What is the hundreds digit of y?
7
Suppose 0 = -54*l + 46*l + 15552. Let m = l - 393. What is the thousands digit of m?
1
Let h = 1104 + -1103. Suppose -f + 40 = y, -4*y + 5 = 1. What is the tens digit of (f/(-26))/(h/(-14))?
2
Let o(j) = 12*j**3 - 1115*j**2 + 185*j - 273. What is the thousands digit of o(93)?
5
Let c = 4026 - -639. Suppose 28*f - 13*f = c. What is the units digit of f?
1
Suppose 5*i = -20, -4*q + 7*q + 2*i - 364 = 0. Let c = q - 109. Suppose c = -2*u + 71. What is the tens digit of u?
2
Suppose 3*x = 3*b - 66, 12*x - 15*x + 2*b - 71 = 0. What is the tens digit of (-10)/(-2) - (-4 - -6) - x?
3
Let o(q) = -q**3 + 18*q**2 - 20*q - 12. Let p(s) = -s**3 - 7*s**2 + 20*s + 9. Let y be p(-9). Let j be ((-96)/y)/(6/9). What is the hundreds digit of o(j)?
1
Let u(p) be the first derivative of -625*p**2/2 - 15*p + 56. What is the tens digit of u(-1)?
1
Suppose 5*q - 3*q = 3*d + 636, -d = -2*q + 640. Suppose k - 559 = -n, -n - q - 240 = -k. Suppose 4*j = 8*j - k. What is the units digit of j?
0
Let f(g) = -11 - 2*g + g + 20 - 86*g**2 + 969*g**2 - 10. What is the hundreds digit of f(1)?
8
Suppose 11*z - 7*z - 20 = 0. Suppose -3*m - 16 + 4 = 0, -z*c + 111 = -4*m. Let g = -12 + c. What is the units digit of g?
7
Suppose -6*r = -7907 - 1915. What is the tens digit of r?
3
Let z(t) = -19*t. Let k be 3*(1 + 4/12). Suppose 5*g = -k*a - 9, a + 3*a + 3 = g. What is the units digit of z(g)?
9
Let x = -704 + 411. Let b = x + 1197. What is the tens digit of b?
0
Let b = -154 - -150. Suppose 20 = -5*i + 5*s, 15 = -2*i + 5*s - 2. What is the tens digit of 3/i - -4 - b*59?
3
Let y(x) = -x**2 + 9*x - 9. Let h be y(6). Suppose -3*f + 5*i + 28 = 0, -f + h*i = 5*i - 14. What is the units digit of 188 + f/(-18) + (-10)/(-3)?
1
Suppose -12*r - 16 + 76 = 0. Suppose r*c - 195 = -5*t, -32*t + 103 = 2*c - 35*t. What is the tens digit of c?
4
Let a(x) = -294*x - 102. Let q be a(-3). Let v = q - 546. What is the tens digit of v?
3
Let s = 34535 - 28774. What is the thousands digit of s?
5
Suppose 3*x - 451 - 478 = 4*b, x + 917 = -4*b. Let j be ((-6)/(-4))/((-69)/b). Suppose -5*u - j = 0, 152 = -3*r - 4*u + 457. What is the units digit of r?
3
Let r(y) = 2*y**2 + 113*y - 3805. What is the thousands digit of r(85)?
0
Suppose 1507 = r + 3*p - 2907, p = 2*r - 8849. What is the thousands digit of r?
4
Suppose 0*u = -2*u. Suppose o - 17 - 1 = 4*w, -3*o + 5*w + 26 = u. Suppose 468 = -o*k + 5*k. What is the hundreds digit of k?
1
Let x(i) = -7073*i**3 + 2*i**2 - 49*i - 50. What is the thousands digit of x(-1)?
7
Suppose -15*a = 56 - 146. Suppose -a + 2 = 4*k. What is the units digit of (-15)/6*10/1*k?
5
Let n(m) = 7984*m**2 + 470*m + 1440. What is the ten thousands digit of n(-3)?
7
Let n(k) = -38*k - 3. Let s(d) = 1. Let m(j) = n(j) - 3*s(j). Let y be m(3). What is the hundreds digit of (-1*10/8)/(1/y)?
1
Let r be ((-8)/6)/(1/(-9)). Suppose 7*b + 130 = r*b. Suppose -525 = -3*t + 3*a, -5*a = -6 + b. What is the units digit of t?
1
Suppose 58 - 28 = -6*o. Let t be 3*(25/9)/o*-3. Let x(f) = 26*f - 18. What is the hundreds digit of x(t)?
1
Suppose -h - 4*l - 15 = 0, 2*l + 6 = 3*h - 19. Suppose 5*x - 3*d - 2006 = 0, 0 = 2*d - 182 + 186. Suppose -x = -h*c - 10. What is the units digit of c?
8
Let i(x) = -3*x + 4*x**2 + 178 + 70 + 98 + 129. What is the units digit of i(0)?
5
What is the thousands digit of 168/((-830)/120 - -7)?
2
Let r = 337 - 769. Let x = r - -1881. What is the thousands digit of x?
1
Let p be ((-116)/10)/((-1)/(-5)). Let d = p - 82. Let h = 52 - d. What is the hundreds digit of h?
1
Let i = -94 + 2750. Suppose 2*o = 3*x - 2*x - 679, 4*o = -4*x + i. What is the tens digit of x?
6
Let l(w) = -w**3 + 32*w**2 - 43*w + 84. Suppose -d + 3*x = -38, -2*d + 16*x = 14*x - 64. What is the units digit of l(d)?
0
Let o = -32 + -28. Suppose -6*s + 210 = -16*s + 13*s. Let l = o + s. What is the tens digit of l?
1
Let n(t) = t**2 - 28*t - 40. Let l be n(30). Suppose 4*m - l = 0, 5*m - 7*m = q - 142. What is the units digit of q?
2
Suppose 4*y + 3*z - 158 = 0, 0*y + 186 = 5*y - 2*z. Let q = -36 + y. What is the tens digit of (q - -7)*(-24)/(-18)?
1
What is the hundreds digit of 3949/4 - (-3)/(-5)*230/552?
9
Let o = -23 + 28. Suppose -o*t - 5*v + 35 = -5, -3*t - 6 = -3*v. Suppose -4*p = 4*h - 148, 81 = 2*h - 2*p - t*p. What is the tens digit of h?
3
Suppose 8*b - v + 12 = 5*b, 3*b = -3*v. What is the tens digit of 4/b*((-15477)/14)/11?
3
Let b(z) = -z**2 + 12*z. Let i be b(0). What is the units digit of 144 - (-20)/(-4 - i)?
9
Let g = -365 + 754. Suppose -2*x - 4 = 0, -18*j - 4*x - g = -21*j. What is the units digit of j?
7
Let g(q) = -3*q**3 - 11*q**2 + 2*q + 2. Let x(p) = -p**3 - p**2. Let c(y) = -g(y) + 2*x(y). Suppose k = -0*k - 7. What is the units digit of c(k)?
0
Suppose 0 = -417*p + 420*p - 9. Suppose -r + p*r + 5*x = 1429, 0 = -3*r - 5*x + 2136. What is the units digit of r?
7
Suppose -15*t + 67088 = 16*t - 3*t. What is the tens digit of t?
9
Suppose 0 = 4*c + 2*x - 4285 - 16499, -2*c + 3*x + 10368 = 0. What is the thousands digit of c?
5
Let y(d) = -3*d + 18. Let w be y(-8). Let m = -39 + w. Suppose c + m*c = 5*h - 348, c - 291 = -4*h. What is the tens digit of h?
7
Suppose -x = -8*v + 10*v - 3210, v = 4*x - 12849. Suppose 5*z - 1580 = -2*s, 7*z + x = 4*s + 4*z. What is the units digit of s?
0
Let d(i) = -i**3 - i + 155. Let t(r) = -6*r - 42. Let c be t(-7). What is the tens digit of d(c)?
5
Let t be 25 - ((-16)/4 - -1). Let r be t - 1*(-4)/(-16)*8. What is the hundreds digit of (-2)/(-4) - (-2587)/r?
1
Let g(q) = -316*q**2 - 6*q + 5. Let w be g(1). Let b = w + 510. What is the tens digit of b?
9
Let u = 25529 - 15298. What is the hundreds digit of u?
2
Let v be (2526/24)/((-44)/(-16) - 3). Let b = v + 613. What is the units digit of b?
2
Suppose -q + 885 - 247 = 0. Suppose -3*f + q = 2*c, -3*c - 4*f - 54 = -1011. What is the units digit of c?
9
Let q = 20357 - 14135. What is the thousands digit of q?
6
Suppose -15*o = 3*o - 8*o - 118800. What is the hundreds digit of o?
8
Suppose -72 = -4*b + 1044. Suppose -3*q + b = k, -3*k + 1156 = k + 2*q. What is the tens digit of k?
9
Suppose -4*z = 5*k - 168089, 0 = 8*z - 11*z - 3*k + 126063. What is the tens digit of z?
1
Let p be 12/(-30) + (2 - 13572/20). Let o = -386 - p. What is the tens digit of o?
9
Let g = -168 - -168. Suppose -18*k + 22*k - 700 = g. What is the units digit of k?
5
Let k = -6 + 11. Suppose 3*g - 3 = 2*p - 16, k*g + 7 = -4*p. Suppose v + 3*h - 85 = 0, -3*v + p*h + 340 = 2*v. What is the tens digit of v?
7
Suppose 1843*b = 1823*b + 224640. What is the hundreds digit of b?
2
Let h be 17 + -52948 + (-1)/1. What is the units digit of h/(-154) - (-2)/7?
4
What is the ten thousands digit of ((-27)/8)/((-1056)/23412224)?
7
Suppose 30*z - 1029290 = -2*z - 145770. What is the units digit of z?
0
Let b(c) = 50*c**3 - 4*c**2 - 17*c + 82. What is the hundreds digit of b(5)?
1
Let q(l) = -9028*l**3 + 26*l**2 + 66*l + 23. What is the units digit of q(-2)?
9
Let b(d) be the third derivative of 31*d**5/30 - d**4/12 + 2*d**3/3 - 4*d**2. Suppose u - 5*c = -18, -4*c = u - 8*c + 14. What is the tens digit of b(u)?
4
Suppose -403*x + 2645693 = 1777180 - 6593435. What is the ten thousands digit of x?
1
Suppose 4*g - 38132 = -3*b, g = -2*g + 2*b + 28599. What is the thousands digit of g?
9
Let h(k) = 58*k - 55. Let m be h(7). Let o = m + 88. What is the units digit of o?
9
Let g be (16/(-12))/((-8)/(-516)). Let a = -165 - g. Let o = 145 + a. What is the units digit of o?
6
Suppose -m = -4*x + 433, 5*x = -0*m - m - 424. Let v = m + 472. What is the units digit of v?
3
Suppose -99*n + 1802769 = -32*n. What is the thousands digit of n?
6
Suppose -7*t = -4*t + p - 1540, -2563 = -5*t + 2*p. Let d = 1189 - t. What is the tens digit of d?
7
Suppose -a + 3*g + 67 = g, 0 = 3*a + 5*g - 201. Let b be 54/(18/3) + -7. Suppose b*t - a = -5. What is the tens digit of t?
3
Suppose -90*u + 1309914 = 6*u + 87*u. What is the tens digit of u?
5
Suppose 